[INFO] fetching crate vertigo-browserdriver 0.1.0-alpha.1...
[INFO] building vertigo-browserdriver-0.1.0-alpha.1 against master#ff34b919075f35a1787659e9c448a34b06bab8de for issue-85264
[INFO] extracting crate vertigo-browserdriver 0.1.0-alpha.1 into /workspace/builds/worker-14/source
[INFO] validating manifest of crates.io crate vertigo-browserdriver 0.1.0-alpha.1 on toolchain ff34b919075f35a1787659e9c448a34b06bab8de
[INFO] running `Command { std: "/workspace/cargo-home/bin/cargo" "+ff34b919075f35a1787659e9c448a34b06bab8de" "metadata" "--manifest-path" "Cargo.toml" "--no-deps", kill_on_drop: false }`
[INFO] started tweaking crates.io crate vertigo-browserdriver 0.1.0-alpha.1
[INFO] finished tweaking crates.io crate vertigo-browserdriver 0.1.0-alpha.1
[INFO] tweaked toml for crates.io crate vertigo-browserdriver 0.1.0-alpha.1 written to /workspace/builds/worker-14/source/Cargo.toml
[INFO] running `Command { std: "/workspace/cargo-home/bin/cargo" "+ff34b919075f35a1787659e9c448a34b06bab8de" "generate-lockfile" "--manifest-path" "Cargo.toml" "-Zno-index-update", kill_on_drop: false }`
[INFO] running `Command { std: "/workspace/cargo-home/bin/cargo" "+ff34b919075f35a1787659e9c448a34b06bab8de" "fetch" "--manifest-path" "Cargo.toml", kill_on_drop: false }`
[INFO] running `Command { std: "docker" "create" "-v" "/var/lib/crater-agent-workspace/builds/worker-14/target:/opt/rustwide/target:rw,Z" "-v" "/var/lib/crater-agent-workspace/builds/worker-14/source:/opt/rustwide/workdir:ro,Z" "-v" "/var/lib/crater-agent-workspace/cargo-home:/opt/rustwide/cargo-home:ro,Z" "-v" "/var/lib/crater-agent-workspace/rustup-home:/opt/rustwide/rustup-home:ro,Z" "-e" "SOURCE_DIR=/opt/rustwide/workdir" "-e" "CARGO_TARGET_DIR=/opt/rustwide/target" "-e" "CARGO_HOME=/opt/rustwide/cargo-home" "-e" "RUSTUP_HOME=/opt/rustwide/rustup-home" "-w" "/opt/rustwide/workdir" "-m" "1610612736" "--user" "0:0" "--network" "none" "ghcr.io/rust-lang/crates-build-env/linux@sha256:20528e8c29e4536546f0102ce88568b16ea7538393a33fcca951030f7af10457" "/opt/rustwide/cargo-home/bin/cargo" "+ff34b919075f35a1787659e9c448a34b06bab8de" "metadata" "--no-deps" "--format-version=1", kill_on_drop: false }`
[INFO] [stdout] bb91950707c84fbb795727fd2945b576ac7d2bb97fabe141cba1d88739f2fdb8
[INFO] [stderr] WARNING: Your kernel does not support swap limit capabilities or the cgroup is not mounted. Memory limited without swap.
[INFO] running `Command { std: "docker" "start" "-a" "bb91950707c84fbb795727fd2945b576ac7d2bb97fabe141cba1d88739f2fdb8", kill_on_drop: false }`
[INFO] running `Command { std: "docker" "inspect" "bb91950707c84fbb795727fd2945b576ac7d2bb97fabe141cba1d88739f2fdb8", kill_on_drop: false }`
[INFO] running `Command { std: "docker" "rm" "-f" "bb91950707c84fbb795727fd2945b576ac7d2bb97fabe141cba1d88739f2fdb8", kill_on_drop: false }`
[INFO] [stdout] bb91950707c84fbb795727fd2945b576ac7d2bb97fabe141cba1d88739f2fdb8
[INFO] running `Command { std: "docker" "create" "-v" "/var/lib/crater-agent-workspace/builds/worker-14/target:/opt/rustwide/target:rw,Z" "-v" "/var/lib/crater-agent-workspace/builds/worker-14/source:/opt/rustwide/workdir:ro,Z" "-v" "/var/lib/crater-agent-workspace/cargo-home:/opt/rustwide/cargo-home:ro,Z" "-v" "/var/lib/crater-agent-workspace/rustup-home:/opt/rustwide/rustup-home:ro,Z" "-e" "SOURCE_DIR=/opt/rustwide/workdir" "-e" "CARGO_TARGET_DIR=/opt/rustwide/target" "-e" "CARGO_INCREMENTAL=0" "-e" "RUST_BACKTRACE=full" "-e" "RUSTFLAGS=--cap-lints=forbid" "-e" "CARGO_HOME=/opt/rustwide/cargo-home" "-e" "RUSTUP_HOME=/opt/rustwide/rustup-home" "-w" "/opt/rustwide/workdir" "-m" "1610612736" "--user" "0:0" "--network" "none" "ghcr.io/rust-lang/crates-build-env/linux@sha256:20528e8c29e4536546f0102ce88568b16ea7538393a33fcca951030f7af10457" "/opt/rustwide/cargo-home/bin/cargo" "+ff34b919075f35a1787659e9c448a34b06bab8de" "build" "--frozen" "--message-format=json", kill_on_drop: false }`
[INFO] [stdout] ab57e862b441672f4dea15d2d7695505409c7b645a35dc3a90e87388487b3410
[INFO] [stderr] WARNING: Your kernel does not support swap limit capabilities or the cgroup is not mounted. Memory limited without swap.
[INFO] running `Command { std: "docker" "start" "-a" "ab57e862b441672f4dea15d2d7695505409c7b645a35dc3a90e87388487b3410", kill_on_drop: false }`
[INFO] [stderr]    Compiling proc-macro2 v1.0.27
[INFO] [stderr]    Compiling log v0.4.14
[INFO] [stderr]    Compiling unicode-xid v0.2.2
[INFO] [stderr]    Compiling cfg-if v1.0.0
[INFO] [stderr]    Compiling lazy_static v1.4.0
[INFO] [stderr]    Compiling serde v1.0.126
[INFO] [stderr]    Compiling wasm-bindgen v0.2.74
[INFO] [stderr]    Compiling vertigo v0.1.0-alpha.2
[INFO] [stderr]    Compiling quote v1.0.9
[INFO] [stderr]    Compiling syn v1.0.72
[INFO] [stderr]    Compiling wasm-bindgen-backend v0.2.74
[INFO] [stderr]    Compiling serde_json v1.0.64
[INFO] [stderr]    Compiling wasm-bindgen-macro-support v0.2.74
[INFO] [stderr]    Compiling wasm-bindgen-macro v0.2.74
[INFO] [stderr]    Compiling js-sys v0.3.51
[INFO] [stderr]    Compiling wasm-bindgen-futures v0.4.24
[INFO] [stderr]    Compiling web-sys v0.3.51
[INFO] [stderr]    Compiling vertigo-browserdriver v0.1.0-alpha.1 (/opt/rustwide/workdir)
[INFO] [stdout] error[E0432]: unresolved import `vertigo::FetchError`
[INFO] [stdout]   --> src/lib.rs:14:5
[INFO] [stdout]    |
[INFO] [stdout] 14 |     FetchError,
[INFO] [stdout]    |     ^^^^^^^^^^ no `FetchError` in the root
[INFO] [stdout] 
[INFO] [stdout] 
[INFO] [stdout] error[E0432]: unresolved import `vertigo::FetchError`
[INFO] [stdout]   --> src/fetch.rs:11:28
[INFO] [stdout]    |
[INFO] [stdout] 11 | use vertigo::{FetchMethod, FetchError};
[INFO] [stdout]    |                            ^^^^^^^^^^ no `FetchError` in the root
[INFO] [stdout] 
[INFO] [stdout] 
[INFO] [stdout] error[E0061]: this function takes 2 arguments but 1 argument was supplied
[INFO] [stdout]    --> src/lib.rs:185:13
[INFO] [stdout]     |
[INFO] [stdout] 185 |               BoxRefCell::new(
[INFO] [stdout]     |               ^^^^^^^^^^^^^^^ expected 2 arguments
[INFO] [stdout] 186 | /                 DomDriverBrowserInner {
[INFO] [stdout] 187 | |                     window,
[INFO] [stdout] 188 | |                     document,
[INFO] [stdout] 189 | |                     head,
[INFO] [stdout] ...   |
[INFO] [stdout] 192 | |                     _dom_event_disconnect: Vec::new(),
[INFO] [stdout] 193 | |                 }
[INFO] [stdout]     | |_________________- supplied 1 argument
[INFO] [stdout]     |
[INFO] [stdout] note: associated function defined here
[INFO] [stdout]    --> /opt/rustwide/cargo-home/registry/src/github.com-1ecc6299db9ec823/vertigo-0.1.0-alpha.2/src/utils/box_ref_cell.rs:10:12
[INFO] [stdout]     |
[INFO] [stdout] 10  |     pub fn new(value: T, label: &'static str) -> BoxRefCell<T> {
[INFO] [stdout]     |            ^^^
[INFO] [stdout] 
[INFO] [stdout] 
[INFO] [stdout] error[E0599]: no method named `change_no_params` found for struct `Rc<BoxRefCell<DomDriverBrowserInner>>` in the current scope
[INFO] [stdout]    --> src/lib.rs:583:21
[INFO] [stdout]     |
[INFO] [stdout] 583 |         self.driver.change_no_params(|state| {
[INFO] [stdout]     |                     ^^^^^^^^^^^^^^^^ method not found in `Rc<BoxRefCell<DomDriverBrowserInner>>`
[INFO] [stdout] 
[INFO] [stdout] 
[INFO] [stdout] warning: unused import: `wasm_bindgen::JsCast`
[INFO] [stdout]  --> src/fetch.rs:2:5
[INFO] [stdout]   |
[INFO] [stdout] 2 | use wasm_bindgen::JsCast;
[INFO] [stdout]   |     ^^^^^^^^^^^^^^^^^^^^
[INFO] [stdout]   |
[INFO] [stdout]   = note: `#[warn(unused_imports)]` on by default
[INFO] [stdout] 
[INFO] [stdout] 
[INFO] [stdout] error: aborting due to 4 previous errors; 1 warning emitted
[INFO] [stdout] 
[INFO] [stdout] 
[INFO] [stdout] Some errors have detailed explanations: E0061, E0432, E0599.
[INFO] [stdout] 
[INFO] [stdout] For more information about an error, try `rustc --explain E0061`.
[INFO] [stdout] 
[INFO] [stderr] error: could not compile `vertigo-browserdriver`
[INFO] [stderr] 
[INFO] [stderr] To learn more, run the command again with --verbose.
[INFO] [stderr] warning: build failed, waiting for other jobs to finish...
[INFO] [stderr] error: build failed
[INFO] running `Command { std: "docker" "inspect" "ab57e862b441672f4dea15d2d7695505409c7b645a35dc3a90e87388487b3410", kill_on_drop: false }`
[INFO] running `Command { std: "docker" "rm" "-f" "ab57e862b441672f4dea15d2d7695505409c7b645a35dc3a90e87388487b3410", kill_on_drop: false }`
[INFO] [stdout] ab57e862b441672f4dea15d2d7695505409c7b645a35dc3a90e87388487b3410
